e greatest common divisor of 726 and t.
33
Let m = 277 + -259. Suppose -v + m = r, 0*v = 5*r - 5*v - 50. Calculate the highest common divisor of 238 and r.
14
Let w(p) = -2*p + 0*p + 4 - 11 - 13. Let s be w(-11). Suppose 5*a = 5*d - 75, -3*d - a + 23 = -s. What is the highest common divisor of 30 and d?
10
Let d be ((-18)/(-90) - 9/(-5)) + 23. Let w = d + 30. What is the greatest common factor of 22 and w?
11
Suppose 0 = -0*z - 11*z + 66. Let i(v) = 15*v + 414. Let j be i(-27). Calculate the greatest common divisor of z and j.
3
Let x(z) = 54*z - 12. Let g be x(-3). Let p be g/(-4)*-2*(-40)/12. Suppose -108 + p = 2*i. Calculate the highest common divisor of i and 26.
13
Suppose 6*w - 4*w + 2*g - 170 = 0, 3*w = -4*g + 250. Suppose -5*q + w = 5*p, 8*p - 3*p + 108 = 4*q. What is the greatest common factor of q and 33?
11
Let l(n) = n**2 + 17*n - 82. Let i be l(6). Let c = 196 + -104. Suppose 22 = -5*y + c. What is the greatest common divisor of y and i?
14
Suppose 5*r + 4*o = 47 + 258, -2*r + 119 = o. Suppose 4*x + 9 - r = 0. Let z be (-28)/21*-2*9/x. What is the greatest common factor of z and 22?
2
Suppose 17*x - 12 - 179 = -21. Calculate the greatest common divisor of 9640 and x.
10
Suppose 25 = 49*j - 54*j, -q - 4*j + 3780 = 0. Calculate the greatest common divisor of q and 95.
95
Let n(w) = w**3 + 4*w**2 - 14*w - 8. Let g be n(-6). Suppose g*y = 16, -t - 5*y + 320 = 4*t. What is the greatest common factor of t and 100?
20
Suppose 21 + 29 = 5*h - 3*i, 4*i = 0. Let j be 598/15 + 14/105. What is the greatest common factor of j and h?
10
Suppose 0 = -4*m - 4*a, 3*m + 4*a + 9 = 2*m. Calculate the greatest common factor of m and 309.
3
Let y be (546/(-364))/((-43)/(-22) + -2). What is the highest common factor of 2343 and y?
33
Let z = 14547 + -9311. What is the greatest common divisor of z and 88?
44
Let d = 1877 + -1862. Suppose 3*z + 3 + 6 = 0. Let t be 6/z + 59 + 3. What is the greatest common factor of t and d?
15
Suppose 143*k = 149*k + 90. Let g be (-6)/k - 386/(-10). What is the greatest common factor of 91 and g?
13
Let o be (-28 - -20)*(9/((-45)/(-10)))/(-4). Calculate the highest common divisor of 2636 and o.
4
Suppose 26*v - 1830 = 1013 - 555. What is the greatest common factor of 385 and v?
11
Let h = -17013 + 17217. Calculate the greatest common divisor of 6052 and h.
68
Suppose 0 = 7*a - a + 3*y - 153, 0 = 3*a - y - 59. Calculate the highest common factor of 341 and a.
11
Let z = -451 - -471. Let h(d) = -7*d**2 + 147*d + 2. Let s be h(z). Calculate the highest common divisor of 355 and s.
71
Let u be ((-198)/24)/(3/(-8)). Let i be (44 - 43)*((412 - 1) + 2). Suppose 247 = 6*j - i. What is the highest common divisor of u and j?
22
Let c(x) = x**3 + 12*x**2 - 47*x - 247. Let k be c(-10). Calculate the highest common divisor of k and 4371.
141
Let b(l) be the second derivative of -l**4/12 - 3*l**3/2 - 5*l**2/2 - 39*l. Let v be b(-8). What is the greatest common divisor of v and 1?
1
Let l = 55 - 51. Suppose 2*k = l*k + 62. Let q be k/(-1) - (2 - (-3 + 4)). Calculate the greatest common divisor of 45 and q.
15
Suppose 3*d + 4*k - 225 = 170, 0 = 3*k - 15. What is the highest common divisor of 1350 and d?
25
Let m(b) = -9*b**2 + 4*b**2 + 4*b**2 - 34*b + 2*b**2 - 130. Let k be m(38). Calculate the greatest common divisor of k and 594.
22
Let k = 343 - 317. Suppose 50 = u + k. Calculate the highest common divisor of 56 and u.
8
Let i = 14 + -1. Let j(a) = -1148 + 577 + 580 + a**3 - 13*a**2 + a. Let o be j(i). What is the highest common divisor of o and 33?
11
Let k = -8 + 44. Suppose 0 = -5*i - 2*s + k, i - 6*s - 18 = -s. Let x be 1 + (2 - i/(-20)*-5). What is the greatest common divisor of x and 4?
1
Let i(q) = -q**3 - 6*q**2 - 6*q - 4. Let n be i(-5). Let y be (14 - 8/(-1))/(n/13). What is the greatest common divisor of 26 and y?
26
Let h be (-12 + (0 - 0))/(91/((-95550)/60)). Calculate the highest common divisor of 38 and h.
2
Suppose 207 = 7*r - 332. Let y(h) = -h - 17. Let n(v) = -v**2 - 9*v + 42. Let f be n(-14). Let c be y(f). Calculate the greatest common factor of r and c.
11
Let u = 298 - 249. Calculate the greatest common divisor of u and 1141.
7
Suppose -2*r - 4*o + 68 = 0, r + 6*o + 48 = 3*r. What is the greatest common factor of r and 3630?
30
Let t(a) = -3*a - 21. Let w be t(-9). Let z(r) = r**3 - 5*r**2 - 5*r - 5. Let s be z(w). What is the highest common factor of 3 and s?
1
Suppose 14*j = 2*j + 36. Suppose j*s + 2*s = 2*s. Suppose s*o - 46 = -2*q + 4*o, 4*q + 3*o = 59. What is the greatest common divisor of q and 51?
17
Let v(u) = -28 + 55 + 17*u**2 + 42*u + 17*u - u**3. Let h be v(20). Suppose 57 + 41 = 2*z. Calculate the greatest common factor of h and z.
7
Let x(b) = 3*b**2 - 39*b + 130. Let p be x(6). Let a = 224 - 107. Let t = a - 81. What is the highest common factor of p and t?
4
Let m be 2/10 - (1/6 + 6735/(-450)). Let x = 21 - -19. Calculate the highest common divisor of x and m.
5
Let v = 970 - 435. Suppose -3*x + v = 4*y - 4*x, 3*y - 4*x - 385 = 0. Suppose 3*j = 8*j - y. Calculate the highest common divisor of j and 9.
9
Suppose 2*f - 5*o - 145 = 0, 2*f + 5*o - 49 = 86. What is the greatest common factor of f and 26?
2
Suppose -184*t = -149*t - 1620780. What is the greatest common factor of t and 34?
34
Let f = 15 + 0. Suppose -i = -4*i + f. Let c be (2/5)/(3/i)*18. What is the highest common divisor of 60 and c?
12
Let r(f) = -f**3 + 36*f**2 - 4*f + 152. Let v be r(36). Let u be (-1)/((-3)/114) - -2. Calculate the greatest common factor of v and u.
8
Let r(f) = 4*f**3 - f**2 - 3*f + 6. Let z be r(3). What is the greatest common factor of 1504 and z?
32
Let t(k) = -104*k + 398. Let w be t(-15). What is the greatest common factor of w and 445?
89
Suppose 66*g - 1854 = 16334 - 2018. What is the greatest common divisor of g and 65?
5
Let q = 23 + -16. Let i be (-2 - (-15)/(-5)) + (-13)/(-1). What is the greatest common divisor of q and i?
1
Suppose -3*d + 131*b = 133*b - 3076, -3*b + 5125 = 5*d. Calculate the highest common factor of 28 and d.
14
Let y = -4382 - -5234. What is the greatest common divisor of y and 52?
4
Let i be (-176)/66*(-21)/14. Let d be (-6 - -2 - -1)*-1. Suppose -272 = -5*t + 3*u, -d*u + 136 = 3*t + 2*u. What is the greatest common factor of i and t?
4
Let n(w) = 5*w**2 + 18*w - 20. Let i be n(-5). Calculate the greatest common divisor of i and 1125.
15
Let f(m) = m**2 + 6*m + 13. Let q be f(-4). Suppose -3*c - z = 2*z - 2532, -q*c = 4*z - 4223. Let t = c - 588. What is the highest common factor of 37 and t?
37
Suppose 134*w - 28500 = 114*w. Calculate the greatest common divisor of 380 and w.
95
Let f be ((-12)/30)/((-1)/360). Let g = 170 - f. Calculate the greatest common factor of g and 26.
26
Let i be (-13)/(13/(-3))*134/3. Let g = i - 125. Let q = 8 - 2. Calculate the highest common factor of g and q.
3
Suppose 295*w - 302*w = -420. Suppose -196 = w*s - 67*s. Suppose -3*o + 13 = -8. What is the greatest common divisor of o and s?
7
Suppose -3*l + 8 - 2 = 0. Suppose -l*q - 294 = 2*u, 0 = -2*u - 2*u + 12. Let d be (-1)/(-4)*1 + q/(-8). What is the highest common divisor of d and 133?
19
Suppose -4*g + 4*i + 144 = 0, g + i = -0*i + 38. Suppose -24*k + 841 = 5*k. Suppose -2368 = k*h - 37*h. Calculate the greatest common factor of g and h.
37
Let h(n) = -32*n + 352. Let u be h(-7). What is the greatest common divisor of u and 128?
64
Suppose -13080 = -15*z - 4005. Calculate the greatest common divisor of z and 1573.
121
Suppose -p - 46*p + 3534 = -2529. What is the highest common factor of 117 and p?
3
Let v(a) be the first derivative of 19*a**2/2 - 127*a + 106. Let x be v(7). Calculate the greatest common divisor of 96 and x.
6
Let m(k) = 78*k + 726. Let z be m(-5). Let c = -37 + 49. What is the greatest common divisor of z and c?
12
Suppose 0 = 3*g + 2*g + 10, j - 5*g = 4. Let r be 0 - 1/j - (-8604)/216. Suppose -9*f + 40 = -4*f. Calculate the highest common factor of f and r.
8
Let x = 35534 + -35439. Calculate the greatest common divisor of 885 and x.
5
Let d be -15 + (-104)/(-8) + 731. What is the greatest common factor of d and 27?
27
Let q(r) = -r**3 - 3*r**2 - 9*r + 88. Let h be q(-8). What is the highest common divisor of h and 1104?
48
Suppose -4*d + 3*o - 5*o + 132 = 0, -2*o + 68 